of 4 and 83?
1
What is the highest common divisor of 492 and 876?
12
Calculate the greatest common divisor of 1680 and 11145.
15
Calculate the highest common factor of 4170556 and 2780.
556
Calculate the greatest common divisor of 390320 and 22140.
820
What is the greatest common divisor of 410 and 4018?
82
What is the greatest common divisor of 130 and 12311?
13
What is the greatest common divisor of 38 and 2246?
2
What is the highest common divisor of 38640 and 21804?
276
What is the highest common divisor of 23 and 139?
1
What is the greatest common divisor of 146 and 41391?
73
What is the greatest common divisor of 8064180 and 10096?
2524
What is the greatest common factor of 4036980 and 61?
61
What is the greatest common factor of 7361 and 251573?
433
What is the highest common factor of 2808 and 128304?
216
Calculate the greatest common divisor of 1 and 10247.
1
Calculate the highest common factor of 91002 and 174.
174
Calculate the highest common factor of 3864 and 13704.
24
What is the greatest common divisor of 156 and 7332?
156
Calculate the greatest common divisor of 935 and 325006.
187
What is the greatest common divisor of 8201 and 12371?
139
Calculate the greatest common divisor of 18040 and 385.
55
What is the greatest common factor of 195201 and 4059?
369
What is the greatest common factor of 46 and 947945?
23
Calculate the greatest common divisor of 52 and 135088.
4
Calculate the highest common factor of 47768 and 1848.
56
Calculate the greatest common divisor of 594 and 96932.
22
Calculate the greatest common factor of 7 and 4389917.
7
Calculate the highest common factor of 38 and 764731.
19
What is the highest common divisor of 85734 and 198?
198
What is the greatest common factor of 89044 and 565?
113
What is the highest common divisor of 11052 and 72?
36
What is the highest common divisor of 32430 and 1645?
235
Calculate the highest common factor of 1911 and 1899807.
273
What is the greatest common factor of 2988 and 415?
83
Calculate the highest common divisor of 63 and 4494.
21
What is the greatest common factor of 405072 and 576?
144
Calculate the greatest common factor of 93 and 393483.
93
What is the greatest common factor of 14755 and 99320?
65
What is the highest common factor of 2625 and 62625?
375
Calculate the greatest common divisor of 381 and 1060958.
127
What is the highest common factor of 94106 and 12449?
211
Calculate the highest common divisor of 1705 and 3751.
341
What is the greatest common divisor of 2921 and 61180?
23
What is the highest common divisor of 530 and 10706?
106
What is the highest common divisor of 105 and 292341?
21
Calculate the greatest common factor of 60 and 169860.
60
Calculate the greatest common factor of 459571 and 98.
49
Calculate the greatest common factor of 16 and 183744.
16
What is the greatest common divisor of 32585 and 1029?
343
Calculate the highest common divisor of 137208 and 24.
24
What is the greatest common factor of 52 and 256464?
52
Calculate the highest common divisor of 4185 and 5735.
155
Calculate the greatest common divisor of 63734 and 22.
22
What is the highest common divisor of 4383624 and 14?
14
What is the greatest common factor of 228 and 92676?
12
What is the highest common factor of 54328 and 8?
8
Calculate the highest common divisor of 192146 and 1910.
382
What is the highest common divisor of 1989 and 12597?
663
Calculate the highest common factor of 473487 and 1470.
147
What is the greatest common divisor of 2192 and 62?
2
What is the highest common divisor of 108 and 118500?
12
What is the highest common divisor of 48 and 744?
24
Calculate the highest common factor of 626 and 80128.
626
Calculate the highest common factor of 10416 and 368592.
336
Calculate the greatest common divisor of 646596 and 108.
108
What is the greatest common factor of 298131 and 3?
3
Calculate the greatest common divisor of 6179 and 851.
37
Calculate the highest common divisor of 8910 and 285.
15
Calculate the greatest common divisor of 46340 and 14.
14
Calculate the greatest common factor of 103 and 489456.
103
What is the highest common divisor of 18 and 20733030?
18
Calculate the greatest common factor of 69928 and 16.
8
Calculate the highest common factor of 20 and 11272.
4
What is the greatest common factor of 242 and 17534?
22
Calculate the greatest common divisor of 2366 and 7280.
182
What is the highest common factor of 55974 and 38?
38
What is the greatest common divisor of 11 and 3360489?
11
What is the greatest common factor of 308441 and 1946?
973
Calculate the greatest common factor of 559 and 881371.
43
What is the highest common factor of 13363 and 3220?
161
Calculate the greatest common factor of 7473120 and 60.
60
What is the greatest common factor of 12264 and 783363?
1533
What is the greatest common divisor of 1290 and 15394?
86
What is the highest common divisor of 205772 and 28?
28
Calculate the highest common factor of 33650506 and 718.
718
Calculate the greatest common factor of 18 and 204858.
18
Calculate the greatest common divisor of 63848 and 184.
184
What is the highest common divisor of 4958789 and 11?
11
Calculate the highest common factor of 23108 and 7303.
109
Calculate the greatest common divisor of 83800 and 2300.
100
What is the greatest common divisor of 1877 and 419?
1
Calculate the greatest common factor of 425304 and 1980.
396
Calculate the highest common divisor of 16718 and 4459.
13
Calculate the greatest common factor of 2010 and 438.
6
Calculate the highest common divisor of 210 and 96495.
105
What is the highest common factor of 5680 and 74195?
355
What is the highest common factor of 19341 and 189?
63
Calculate the highest common divisor of 20 and 5343550.
10
Calculate the greatest common factor of 552 and 63411.
69
Calculate the highest common factor of 14608 and 4272.
16
Calculate the highest common divisor of 1824 and 504336.
912
Calculate the greatest common factor of 1947 and 112985.
59
What is the greatest common divisor of 265 and 2772695?
265
What is the greatest common factor of 357266 and 338?
338
What is the greatest common factor of 180 and 756495?
45
Calculate the highest common factor of 5 and 868085.
5
What is the greatest common factor of 139968 and 8?
8
What is the highest common divisor of 128075 and 625?
25
Calculate the highest common divisor of 6750 and 2330.
10
What is the highest common factor of 20114 and 2825?
113
Calculate the highest common factor of 212 and 4388.
4
Calculate the highest common factor of 66013 and 12299.
251
What is the highest common factor of 252 and 161658?
126
What is the greatest common divisor of 67008 and 6144?
192
What is the highest common divisor of 195 and 56420?
65
What is the highest common factor of 786 and 50697?
393
What is the greatest common divisor of 13554 and 594?
54
Calculate the highest common factor of 8 and 280688.
8
Calculate the greatest common divisor of 10 and 217970.
10
What is the greatest common divisor of 21392 and 392?
56
What is the greatest common factor of 667 and 437?
23
What is the greatest common divisor of 7724916 and 27?
27
Calculate the greatest common factor of 26 and 8359.
13
What is the greatest common factor of 66669 and 4260?
213
Calculate the highest common factor of 60652 and 8.
4
Calculate the highest common divisor of 1315905 and 999.
111
What is the highest common divisor of 136 and 104924?
68
What is the highest common divisor of 15028 and 68?
68
Calculate the highest common divisor of 2715212 and 263.
263
What is the highest common factor of 95370 and 880?
110
What is the highest common divisor of 30500 and 78080?
1220
What is the greatest common factor of 188 and 99734?
94
What is the highest common factor of 70 and 735?
35
What is the highest common factor of 170909 and 1108?
277
What is the highest common factor of 32421 and 2?
1
Calculate the greatest common factor of 456874 and 1254.
418
What is the highest common factor of 25696 and 70048?
352
Calculate the highest common factor of 11600 and 36888.
232
What is the highest common factor of 54 and 256122?
54
What is the highest common divisor of 68996 and 3008?
188
What is the greatest common divisor of 1500 and 270750?
750
Calculate the highest common divisor of 32 and 444